ivative of 57*t**2/2 - 70*t + 78. What are the prime factors of z(19)?
1013
Suppose -6594*v = -6596*v + 36002. What are the prime factors of v?
47, 383
Suppose -3*q - 887 = 3*i - 5840, -5*i = -5*q - 8305. Let v = -987 + i. What are the prime factors of v?
3, 223
Suppose -846 = -2*t - 2*j, 5*j = 4*t + 8*j - 1688. Suppose c - 562 = -i, -t = -i - 3*c + 133. List the prime factors of i.
3, 7
Let y(g) = -5 + 6 + 12 + 1 - 213*g + 1470*g. What are the prime factors of y(1)?
31, 41
Let t(g) = -g**3 + 62*g**2 - 165*g + 184. What are the prime factors of t(58)?
2, 5, 11, 37
Suppose -4*o - 2*r = 2, -5 = 3*r + 2*r. Suppose o = -17*z + 21*z + 216. Let g = -37 - z. What are the prime factors of g?
17
Let v = 116 + -153. Let x = 77 + v. What are the prime factors of x?
2, 5
Suppose -4*y + 12*y = -1616. Let m = y - -544. What are the prime factors of m?
2, 3, 19
Suppose -2*n + 380 = -2*y + 3306, -n + 3*y = 1453. Let z = 111 - n. List the prime factors of z.
1579
Suppose -975 = -2*h - 4*s + 773, 2*s = -3*h + 2614. Let p = 1399 - h. List the prime factors of p.
23
Let j(o) = -o**2 + 56*o + 205. Let p be 168/140*(-140)/(-6). What are the prime factors of j(p)?
23, 43
Suppose 15*w - 19504 - 70556 = 0. List the prime factors of w.
2, 19, 79
Let c = -5 + 86. Let j = c - 77. Suppose -2*d = -3*d - j, 0 = 5*t - 4*d - 91. List the prime factors of t.
3, 5
Suppose 23508 - 5546 = 14*q. Suppose q = -4*c + 4715. What are the prime factors of c?
2, 3, 11, 13
List the prime factors of (-1 + 2)*17789 - 12/(22 - 18).
2, 8893
List the prime factors of ((-7)/((-14)/4))/(49512/24754 + -2).
12377
Suppose 818819 = 84*i - 3455269. What are the prime factors of i?
2, 13, 19, 103
Suppose 5*v - 2*p - 45096 = 0, -7*v + 10*v = -3*p + 27066. List the prime factors of v.
2, 5, 11, 41
What are the prime factors of (5180/21 - 14)*(3 + 261/2)?
89, 349
Let b(f) = 49*f + 33. Let u(p) = -539*p - 364. Let j(x) = 56*b(x) + 5*u(x). List the prime factors of j(13).
5, 7, 19
Suppose 10242 = b + 5*o, 15*o - 51084 = -5*b + 11*o. List the prime factors of b.
2, 3, 23, 37
Let v = -42 + 82. List the prime factors of 9/24 + 14465/v.
2, 181
Suppose -312 = -2*t - 3*i, -4*t - 3*i = -2*i - 604. Suppose 2*a + 3*l = 413 - t, 0 = 5*l - 5. List the prime factors of a.
2, 5, 13
Suppose 4*n - 5*n = -24. Suppose k = -2*j + 43, -50 - n = -2*k - j. Suppose -163 = -2*g + 3*i, -3*i - k = g - 121. List the prime factors of g.
83
Let q = 5407 - 4990. What are the prime factors of q?
3, 139
Let f(k) = -k**3 - 8*k**2 + 10*k + 11. Let z = 43 - 50. Let u be f(z). Let x = u + 203. List the prime factors of x.
5, 19
Suppose j + 4*a + 5 = 0, 2*j - 4 = a + 4. Suppose -12*r = -11*r - j. What are the prime factors of 4 - -1*(0 + 3 - r)?
2
Let f(q) = 154*q**2 + 17*q + 9. List the prime factors of f(4).
3, 7, 11
Let u(m) = m**3 - 3*m**2 + 2*m + 295. Suppose -628*a = -631*a. List the prime factors of u(a).
5, 59
Let k be ((-8)/(-6))/((-42)/(-16317)). Let a = 925 - k. What are the prime factors of a?
11, 37
Let c = -17416 + 36966. What are the prime factors of c?
2, 5, 17, 23
Suppose 5*q = -3*w + 55577, 4*w - 8229 = 5*q + 65862. What are the prime factors of w?
2, 11, 421
Let s(u) be the third derivative of 3*u**5/10 - 2*u**3/3 - 16*u**2. Let m be s(2). Let k = 97 - m. List the prime factors of k.
29
Suppose 3*f - 27 = -f + n, -3*f - 3*n + 9 = 0. Let m(o) = -503*o**3 + 23 - 509*o**3 + o + 6*o**2 + 1512*o**3 - 501*o**3. List the prime factors of m(f).
29
Suppose 0 = h + 4*h, 605 = 5*z - 4*h. Let b = z - 121. Suppose b = 5*j + o - 0*o - 646, 0 = -j + 3*o + 142. List the prime factors of j.
2, 5, 13
Suppose -5*r - 9151 = -2*i + 13500, i = r + 11315. What are the prime factors of i?
2, 11, 257
Suppose 15 = y - x, -3*y - y - 4*x = -68. Suppose 0 = 4*v - y, -6*q + 2*q - 3*v = -112. Suppose -q*c + 22*c = -198. What are the prime factors of c?
2, 3, 11
Suppose -3*c = 3*g - 41682, -2*c - 5*g + 11229 = -16580. What are the prime factors of c?
3, 1543
Let i = -1315 - -1340. What are the prime factors of i?
5
Let h = -3769 - -2323. List the prime factors of h*8/(-24) - 6.
2, 7, 17
List the prime factors of 13/(-52)*-8*3197.
2, 23, 139
Let p(m) = -m**3 - 5*m**2 - 6*m + 3. Let g(d) = d**3 + 11*d**2 + 12*d - 7. Let f(s) = -6*g(s) - 13*p(s). What are the prime factors of f(4)?
3, 17
Let d be -3 - -1231 - (6 + -3). Let x be 1 + d + (10 - 14). What are the prime factors of x/8 + 5 + 133/(-28)?
3, 17
What are the prime factors of (-3 - -10 - (-1221)/12)/(4/496)?
3, 5, 29, 31
Suppose -138*f + 151*f + 26 = 0. List the prime factors of (f - -1)/(38/(-67906)).
1787
Let c(o) = -94*o**3 - 90*o**2 - 4*o + 8. List the prime factors of c(-9).
2, 5, 383
Let n = 77 + -72. Let s be (-4 + n)*57 - 3. What are the prime factors of ((-2)/6)/((-1)/s)?
2, 3
Let o(x) = 5*x + 23. Let g be o(-3). Suppose 4 = 2*s - 2*w - 4, 5*s - 19 = 4*w. Suppose -g*b = -s*b - 810. What are the prime factors of b?
2, 3
Let k(g) = 12*g**3 + 40*g**2 - 306*g + 48. List the prime factors of k(13).
2, 11, 1327
Let o(u) = -1679*u - 575. What are the prime factors of o(-6)?
7, 23, 59
Let l = 8821 + 2670. What are the prime factors of l?
11491
What are the prime factors of (-37251)/6*13/((-26)/4)?
3, 4139
Suppose -99*r + 4706858 + 547612 = -973818. List the prime factors of r.
2, 983
Let u(z) = 84*z + 4. Let p be u(1). Let s be 1152/320*(-130)/(-4). Let m = s - p. What are the prime factors of m?
29
Let b(m) = -m**2 - 4*m - 3. Let a be b(-1). Suppose -191*z + 194*z - 465 = a. List the prime factors of z.
5, 31
List the prime factors of (10/27)/(-5) - (6 + 4389539/(-189)).
7, 31, 107
Let b be 9/(-75)*-5*(-7 + 2). Let a be (-4 + 5)*b/3. List the prime factors of a*12/(-4)*14 - 2.
2, 5
What are the prime factors of (2/27 - 1968/324) + 0 + 2001?
3, 5, 7, 19
Let m = -6442 + 12150. List the prime factors of m.
2, 1427
Suppose -4*t - 22885 = -5*l, 0 = -l + 2*t + 33 + 4550. What are the prime factors of l?
17, 269
Suppose 2*f - 17540 = 4*s, 0 = -3*s + 9 + 6. List the prime factors of f.
2, 5, 439
Let w(g) = -10*g - 14. Let k be w(-1). Let b(c) = -269*c - 96. What are the prime factors of b(k)?
2, 5, 7
Suppose 4*c - 4*d = 56, 1 = 2*c + 3*d - 17. List the prime factors of (-25)/(-150) - (-2458)/c.
5, 41
Let h be 1 + 4 + 12/(-4) - 9. List the prime factors of 584 + 6 + h + 1.
2, 73
Suppose -9*r + 7198 = 2338. Suppose 13*n - 123 = r. List the prime factors of n.
3, 17
Let c be 1 + -1 + 4 + -2. Let f be 3*(3 - 18/8 - 10/(-40)). What are the prime factors of c/(-11) + f*(-673)/(-33)?
61
Suppose -t - 5*z = 43, 67 = -4*t - 22*z + 23*z. List the prime factors of 491 - (-5)/((-15)/t).
7, 71
Suppose 134 + 62 = 4*b. Let j = b - 45. Suppose -h - 4*z + 372 = 3*h, -j*z = 0. What are the prime factors of h?
3, 31
Suppose 0 = -5*k + 3*k - 88. Suppose 73*z - 75*z = 434. Let t = k - z. What are the prime factors of t?
173
Suppose 84 = -12*j + 732. Let s = j + 153. What are the prime factors of s?
3, 23
Suppose y - 1 = 0, 2*v = 1820*y - 1825*y + 15115. List the prime factors of v.
5, 1511
Let l = 363 + -359. Suppose -l*v = -8, d + 2*v = -3*v + 873. What are the prime factors of d?
863
Let w = -59 - -39. Let h be 1 - -3 - 5*(-8)/w. Suppose 2*u = 5*s - s + 172, h*u + s = 197. List the prime factors of u.
2, 3
Let h = -65 - -70. List the prime factors of (-13212)/(-36) - (h - 1).
3, 11
Let a(h) = 998*h - 1517. What are the prime factors of a(10)?
3, 7, 13, 31
Let n be (10 - 7)*(0 + 29/3). Suppose -n*m + 6 = -30*m. Let s(b) = -b**3 - 4*b**2 - 5*b - 3. List the prime factors of s(m).
3, 11
Let l(w) = 29*w**2 - 127*w - 22. What are the prime factors of l(-17)?
2, 3, 1753
Suppose -112*v + 1927602 - 78606 = -668988. List the prime factors of v.
2, 3, 1249
Let m(v) = 164*v + 668. List the prime factors of m(35).
2, 3, 89
Let h(d) = d**3 + 2*d**2 + 4*d - 56. Let g be h(0). Let s = g - -58. Suppose b - s*m = 234, -496 = -2*b - 0*b - 3*m. What are the prime factors of b?
2, 11
Suppose -67*i + 8947 = -26898. Suppose 0 = -3*v + i + 50. What are the prime factors of v?
3, 5, 13
What are the prime factors of (-6)/2 + (-7)/(-4) - 17490289/(-292)?
89, 673
Suppose -135692 = -4*n - 3*k, 68*n = 70*n - 4*k - 67890. List the prime factors of n.
7, 37, 131
Let a be 20/(-6)*(-4)/(-2)*9. What are the prime factors of (a/35)/(1/(-238))?
2, 3, 17
Sup